be t(8). Suppose 4*c + r*x - 5*x + 41 = 0, 5*c - x + 73 = 0. Determine w(c).
-13
Let j(u) = -u**3 - 2*u**2 + 2*u + 2. Let q(n) be the first derivative of -n**3 - 5*n**2/2 - 4*n - 17. Let b be q(-2). Let d be (-50)/10*b/(-15). Calculate j(d).
-2
Let c(z) = z**2 - 4. Let f be c(3). Let b(w) = -23958*w**3 + f + 23959*w**3 - 5*w**2 - 2. Determine b(4).
-13
Suppose 0 = -3*x + 12, -5*c - 5*x + 41 = -9. Let w = 15 - -14. Let f(p) = -2*p**2 + p**2 - w + 33 + 2*p + 2*p. What is f(c)?
-8
Let w(q) be the third derivative of q**6/120 + q**5/3 - 23*q**4/24 - 9*q**3/2 + 19*q**2 + q - 18. Calculate w(-21).
15
Let v(i) = -2*i**2 - 9*i + 9. Suppose 2*l + 5*u + 1 + 4 = 0, l = 4*u - 9. What is v(l)?
4
Let v(m) = 5*m + 14. Let a = -982 - -971. What is v(a)?
-41
Let s(h) = 2*h**2 + 5*h + 7. Let z(a) = 5*a**2 + 16*a + 20. Let p(r) = 8*s(r) - 3*z(r). Suppose -470 = -5*j - 315. Suppose -85 - 101 = -j*c. What is p(c)?
-16
Let m(c) = c**2 + 11*c - 4. Suppose 687*q = 650*q - 407. Give m(q).
-4
Let w(v) be the first derivative of v**4/4 + 23*v**3/3 + 12*v**2 + 26*v - 1829. Give w(-22).
-18
Let q(r) = r**3 + 8*r**2 - 4. Let v(w) = -w**2 + 3*w + 20. Suppose 3*o + a = -5, 2*o = -4*a + 4 + 6. Let t be v(o). Let g be 4/(t*4/(-16)). What is q(g)?
-4
Let s(d) = 48 - 142 + 45 + 10*d + 43. Give s(3).
24
Let i(k) = 6*k + 103. Let o(g) = 2*g + 97. Let x(t) = -2*i(t) + 3*o(t). Determine x(15).
-5
Suppose 842*p - 240*p = 1806. Let q(m) be the third derivative of 0*m - 1/3*m**p + 0 + 17*m**2 - 1/24*m**4. Determine q(-2).
0
Let c(x) = x + 27 - 2*x + 0*x. Let b be c(12). Suppose -5*q = -5 + b, 18 = -4*a - 5*q. Let f(n) = -n**2. Determine f(a).
-4
Let y(d) = d**2 - 17*d + 18. Let u = -7629 + 7644. Give y(u).
-12
Let i(g) = -10*g**3 - 12*g**2 + 14*g + 28. Let y(n) = -12*n**3 - 12*n**2 + 16*n + 26. Let q(x) = 5*i(x) - 4*y(x). Determine q(-6).
0
Let o(w) = w**2 + 3*w - 3. Let m be o(2). Suppose -11 - 164 = -m*s. Suppose 0 = -s*t + 22*t + 3. Let v(j) = 21*j**3 - 2*j + 1. Give v(t).
20
Suppose -j + 2*n = -14, 2*n - 10 = 2*j - 30. Let q(l) = -l + 18 + 227*l**3 - 228*l**3 + 2*l - j. Suppose 4*k + 2 = 2*w, -k - w - 3 = -4*w. What is q(k)?
12
Let c = -21 + 16. Let z(i) = -2*i**3 - 7*i**2 + 7*i + 9. Let r = -309 - -307. Let x(v) = v**3 + 4*v**2 - 4*v - 4. Let f(n) = c*x(n) + r*z(n). Give f(-7).
9
Let o = 18458 - 18449. Let g(n) be the third derivative of 0 - o*n**2 - 1/24*n**4 - 5/3*n**3 + 0*n. Give g(7).
-17
Let p(c) be the third derivative of -c**6/360 - c**5/24 - 5*c**4/12 + 41*c**2. Let z(n) be the second derivative of p(n). What is z(-6)?
7
Let j(c) = 7*c. Let o = -408 + 259. Let t = o + 148. Give j(t).
-7
Let f(u) = 60 - 44 - 30 - 11*u + 3*u**3 - 12*u**2. Let c(o) = -2*o**3 + 11*o**2 + 9*o + 13. Let j(s) = 4*c(s) + 3*f(s). Give j(-8).
-14
Let p(l) = l - 14. Suppose 3*c - 5*c - h = -7, 0 = 5*c - 3*h - 1. Suppose 8*s + c*s = 20. Suppose s*v - 3*v = 0. Calculate p(v).
-14
Let k(s) = 10 - 10 - 1 - 4 - s. Suppose -703*h = -688*h. Give k(h).
-5
Let k(v) = -17*v - 76. Let z(s) = 5*s + 25. Let b(y) = -2*k(y) - 7*z(y). Let i(h) = 2*h + 25. Let m(n) = 3*b(n) + 2*i(n). Give m(0).
-19
Let p(w) = -w**2 + 7*w - 4. Let j = -87 + 153. Suppose 5*m - 5*g + 700 = 0, 0 = 3*m - 2*g + j + 356. Let t = -135 - m. Determine p(t).
-4
Suppose 0 = -49*p + 39*p + 70. Let s(o) = -7*o**3 + 8*o - 2*o + 8*o**3 + 2*o - p*o**2. Let k = -4 + 10. Determine s(k).
12
Let w = 27 - 8. Let c(b) = b - 17. Let y be c(w). Let t(u) = 5 - 2*u + 0 + u**y - 6*u. What is t(6)?
-7
Let f(u) be the third derivative of -u**6/120 + 7*u**5/30 - 3*u**3/2 - 13*u**2 + 34. What is f(14)?
-9
Let l(n) = n**2 + 3*n + 4. Let b(y) = -3*y**2 + 20*y. Let m be b(7). Let o be -4 - (9 + m)/(-2). What is l(o)?
4
Let c = 34 + -24. Let b(p) = -2*p**2 + 20*p + 11. Give b(c).
11
Let l(t) = 3*t - 14. Let f = -14 - -94. Suppose 50*u = 30*u + f. What is l(u)?
-2
Let f(s) = -2 + 6*s - 4*s + 0*s - 5*s. Let a(r) = -r - 1. Let z(c) = 2*c + 3. Let p(x) = 6*a(x) + z(x). Let d(q) = 3*f(q) - 2*p(q). Calculate d(-4).
4
Let l(f) = -f - 8. Let b(i) = -2*i - 16. Let h(z) = -3*b(z) + 5*l(z). Let c be h(2). Let p(n) = 9 - 4*n - 11 + 6*n + c. What is p(-6)?
-4
Let q(k) be the first derivative of -3*k**2 - k + 1279. Suppose b = -s + 2*b - 2, -5*s - 10 = 4*b. Calculate q(s).
11
Let w(y) = -2 + 0 + 4*y - 1 - 4*y**2 - 1 - y**3. Let k = -1415 + 1410. What is w(k)?
1
Let g(v) be the third derivative of -v**5/60 - 11*v**4/24 - 2*v**3 + 2*v**2. Let n be (54/42 - 3)*(-126)/(-27). Calculate g(n).
12
Suppose 17*j + 28 = 79. Let q(n) = 11 - 18*n - j*n**2 + 2 + n**2 + 5*n. Give q(-7).
6
Let c(i) = 0 - 5722*i**2 + 2864*i**2 + 2863*i**2 - 10. Determine c(-2).
10
Suppose 0 = -124*q - 41 - 207. Let h(g) = 2. Let i(z) = 2*z + 5. Let j(x) = 4*h(x) - i(x). Determine j(q).
7
Let f = -10 + 10. Let o(p) = 13*p**3 - p**2 + 7*p + 3. Let x(w) = 37*w**3 - 3*w**2 + 20*w + 8. Let q(z) = -17*o(z) + 6*x(z). Calculate q(f).
-3
Suppose 16*h - 95 = 21*h + t, 2*h = -t - 41. Let g(p) = 9*p - 30. Let a(u) = -5*u + 15. Let i(y) = -11*a(y) - 6*g(y). Calculate i(h).
-3
Let w(j) = 11 + 3 - 50*j + 49*j. Let s = 60 - 58. Suppose s*r = 3*r + r. What is w(r)?
14
Let v(g) be the third derivative of 1/2*g**3 - 1/24*g**4 - 2*g**2 - 8 + 0*g. What is v(8)?
-5
Let w be (276/(-736))/(2/32). Let q(r) = -20*r - 109. What is q(w)?
11
Let u(f) be the second derivative of -f**4/12 - f**3 + 5*f**2 + f. Suppose 305 + 244 = 61*k. Suppose -2*v = 4*o + 23 - k, 3*v + 21 = -5*o. What is u(v)?
3
Let o(r) = -5*r**3 - 5*r**2 + 5*r + 10. Suppose 7*y - 8 - 34 = 0. Let n(b) = -b**3 + 1. Let q(h) = y*n(h) - o(h). Determine q(4).
-8
Let o(m) = m**3 - 2*m**2 - m + 2. Suppose -81*a + 82*a = 139. Suppose 4*z - a = -31. Let n = z - 25. Determine o(n).
0
Let g(t) = -t**3 - 14*t**2 + 29*t - 48. Let h be g(-16). Let d(u) = -u**3 - u - 45. What is d(h)?
-45
Suppose -2*k = -2*o - 16, -21 = -2*k - 5*o - 5. Let i be (12*k/24)/(-2). Let r(a) = 2 + 2*a**3 - 3 - a - a**2 + 2*a. Calculate r(i).
-23
Let s(g) be the third derivative of -1/20*g**5 - 1/8*g**4 + 138*g**2 + 0 + 0*g - 1/3*g**3. Determine s(-2).
-8
Suppose -16*n + 40 = -20*n - 4*l, -8 = 4*l. Let b(z) = -7*z**2 - 8*z - 15. Let g(s) = 6*s**2 + 10*s + 16. Let u(d) = -4*b(d) - 5*g(d). What is u(n)?
-4
Let v(p) be the third derivative of -11*p**6/360 + p**3/2 - p**2. Let q(r) be the first derivative of v(r). Suppose 223*f = 230*f + 7. Calculate q(f).
-11
Let m(s) = -4*s + 45. Suppose 1020*l + 65 = 1025*l. Let j(a) = 9*a - 92. Let r(h) = l*m(h) + 6*j(h). Determine r(-14).
5
Let v(t) be the second derivative of -t**4/6 + 23*t**3/6 + 5*t**2/2 + 1657*t. What is v(12)?
-7
Let h = -17219/24 - -1435/2. Let k(x) be the third derivative of 21*x**2 + 0 - 1/2*x**3 - h*x**4 - 1/120*x**6 + 0*x - 1/60*x**5. Give k(0).
-3
Let t(g) = 25*g**2 - g - 2. Let d be 6*(-3)/6*12/36. Give t(d).
24
Let s(o) = -o**3 + 3*o**2 + 9*o + 5. Let g be ((-3)/4)/(55/220). Determine s(g).
32
Let b(i) = 1 + 1 + 179*i + 4*i**2 - 99*i - 96*i. What is b(5)?
22
Let w(p) = -84*p + 3108. Let a be w(37). Let c(l) = -2*l**3 - 2*l**2 - 2*l + 18. Calculate c(a).
18
Let t(s) = -5*s + 8. Let y = -309 + 726. Suppose -y*n + 414*n = -21. Determine t(n).
-27
Let a(x) be the third derivative of -x**5/30 - x**4/4 - 2*x**3/3 - 2*x**2. Let g be (3/(-4))/(4/144*-3). Suppose n = -2*w + w - g, n = 4*w + 16. Determine a(n).
-12
Let y(x) = x + 18. Let i be (-12)/(-66) + 1 + 712/(-44). Let k be y(i). Let z(l) = l**2 + 0*l**3 - 90 + l + 68 - l**k. Calculate z(0).
-22
Let s(c) = -40*c + 147. Let g(t) = -113*t + 443. Let i(a) = -5*g(a) + 14*s(a). Give i(32).
3
Suppose 175*h - 178*h - 3 = 0, -57 = 4*t - 3*h. Let l(m) = -6*m - 83. Determine l(t).
7
Let m = -6450 - -6422. Let r(z) = -z**3 - 29*z**2 - 27*z + 36. Determine r(m).
8
Let n = 114 - 114. Suppose 4*r + 5*o = -n - 9, -2 = -r + 3*o. Let s(j) = -3*j**2 - 3*j. Let k(m) = -2*m**2 - 4*m. Let i(f) = 2*k(f) - 3*s(f). What is i(r)?
4
Let v(s) = 8 + 20 + 7 - 104*s - 4 + 108*s. Calculate v(5).
51
Let h(g) = 56*g + 123. Let m(q) = 123*q + 243. Let t(u) = 13*h(u) - 6*m(u). Give t(14).
1
Let d(p) be the second derivative of -p**3 + p**2 + 14016*p. Suppose -17 = -4*l - 1. Determine d(l).
-22
Let i(q) = -q**2 + 2*q + 1. Let v(z) = -2*z**3 - 16*z**2 + 3*z - 27. Let w(h) = -4*i(h) + v(h). Determine w(-6).
-1
Let x be ((-2)/(-2))/((-5)/5